n base 2, what is 10010100010011110100 + 11000?
10010100010100001100
In base 15, what is 3 - -9dca5e?
9dca62
In base 13, what is 65bbb86 + -5?
65bbb81
In base 4, what is -31031300100 + 131?
-31031233303
In base 12, what is -221 - -20a981?
20a760
In base 10, what is -21771648 + -1?
-21771649
In base 11, what is 88 - -29684?
29761
In base 8, what is -4410 - 13714?
-20324
In base 2, what is 100001110011111011011 - 100?
100001110011111010111
In base 11, what is -524a143a + -5?
-524a1444
In base 16, what is 317f18 + 4?
317f1c
In base 6, what is -1100041424 + -13?
-1100041441
In base 13, what is -b08 + bc84?
b179
In base 2, what is -1011101100100101101010111010 - -11?
-1011101100100101101010110111
In base 6, what is 2 - 32032035002?
-32032035000
In base 4, what is 112021103 - -2231230?
120312333
In base 11, what is -247 - 5135a?
-515a6
In base 4, what is -1010 + -222301320?
-222302330
In base 11, what is 51343 - -395?
51728
In base 12, what is 2 + -29b421?
-29b41b
In base 14, what is -55024992 - -5?
-5502498b
In base 9, what is -67427738 - -18?
-67427720
In base 8, what is -5 + -3272031?
-3272036
In base 11, what is -57 + -53674?
-53720
In base 6, what is 312 - -1401002?
1401314
In base 14, what is -13c - -c58a?
c44c
In base 14, what is -3 + 237d2a?
237d27
In base 14, what is -36072 + 358?
-35b18
In base 14, what is 4b2b29 + 8?
4b2b33
In base 2, what is 1010 + 111101101000001010?
111101101000010100
In base 15, what is -1cdbea4 + 6?
-1cdbe9d
In base 11, what is 11 + -45017a?
-450169
In base 15, what is 3703 + 84?
3787
In base 9, what is 0 + -50583234?
-50583234
In base 5, what is -3 - 331104230204?
-331104230212
In base 16, what is -1719aadc - 3?
-1719aadf
In base 8, what is -27 - 2641057?
-2641106
In base 14, what is -4 + 2a33ac?
2a33a8
In base 15, what is -b5e6 + -5a7?
-bb9d
In base 4, what is 2100203230 - 3?
2100203221
In base 13, what is 4 - -40971901?
40971905
In base 5, what is 303 - 131410433?
-131410130
In base 6, what is 31440 - 10000?
21440
In base 3, what is 221212 - 1210012?
-211100
In base 6, what is 2442 + 330554?
333440
In base 5, what is 1333012434 + 2?
1333012441
In base 2, what is 10 + -110001110000110011101100?
-110001110000110011101010
In base 3, what is 220201 + -12100201210?
-12022211002
In base 11, what is 31 - 75037?
-75006
In base 14, what is -17609 - 2d2?
-178db
In base 7, what is 1225162634 + 0?
1225162634
In base 16, what is 7 + 34185d?
341864
In base 6, what is 1114413013 + -5?
1114413004
In base 6, what is 3 + -31510403530?
-31510403523
In base 16, what is 75034 + 20?
75054
In base 10, what is 15 + 6119870?
6119885
In base 12, what is 28553 - 30?
28523
In base 7, what is 15 + 11322011?
11322026
In base 11, what is 8a9732 - 28?
8a9705
In base 9, what is 15 - 5303115?
-5303100
In base 10, what is -1029 - -135214?
134185
In base 10, what is -23 + -277336?
-277359
In base 2, what is 101111000 + -1010111000000?
-1010001001000
In base 10, what is -10332 + 2831?
-7501
In base 5, what is -33324 + 1033202?
444323
In base 2, what is 1010 - 1011101011100011101100011?
-1011101011100011101011001
In base 11, what is 43701 + -892?
4291a
In base 5, what is 1302201240 - 213?
1302201022
In base 5, what is 140 - -111422211?
111422401
In base 7, what is 2360 - 61122?
-55432
In base 2, what is -111001000101010001101000100 + 0?
-111001000101010001101000100
In base 15, what is -5 + 44dc770?
44dc76a
In base 16, what is -2c499cc6 - 1?
-2c499cc7
In base 9, what is -4 + -401557622?
-401557626
In base 5, what is -132123103232 + 0?
-132123103232
In base 8, what is 3 - -1672655?
1672660
In base 8, what is 3 + -2673076?
-2673073
In base 11, what is -18 + 144328?
144310
In base 5, what is 10 - 11441430122?
-11441430112
In base 13, what is 4 - -1194c1b5?
1194c1b9
In base 14, what is -684c487 - -2?
-684c485
In base 6, what is 10255 - 14334?
-4035
In base 14, what is -1467d30 - 4?
-1467d34
In base 4, what is -1011131231221 - 0?
-1011131231221
In base 3, what is 22120110011 + 211?
22120110222
In base 12, what is 4 - -2745582?
2745586
In base 16, what is -74 - -1b803?
1b78f
In base 14, what is 24d - 1cc69?
-1ca1a
In base 5, what is -10330421331 - 121?
-10330422002
In base 2, what is -101 + -1100001100000000100100?
-1100001100000000101001
In base 2, what is -1 + -10001101100111010001000?
-10001101100111010001001
In base 6, what is -13115320 - 41?
-13115401
In base 3, what is 10112011102012 - 210200?
10112010121112
In base 2, what is 11111000110010101111 + -10?
11111000110010101101
In base 10, what is 1402 - 60088?
-58686
In base 16, what is -85 + 58b76a?
58b6e5
In base 10, what is -277 + -7037?
-7314
In base 12, what is -1a537 - -1?
-1a536
In base 7, what is -113105 - -4524?
-105251
In base 12, what is b67 - -19322?
1a289
In base 11, what is -16484 - 315?
-16799
In base 16, what is 847c08 - 1?
847c07
In base 3, what is 11110100202110 - 11?
11110100202022
In base 9, what is -66310 + -3052?
-70362
In base 2, what is 11000100011110100 - -111000000101?
11001011011111001
In base 6, what is -531335 - 3414?
-535153
In base 5, what is -210134 - 22402?
-233041
In base 15, what is 1 + 14374ebb?
14374ebc
In base 2, what is -101101001110001101 - -10100?
-101101001101111001
In base 16, what is 18a + 23e3c8?
23e552
In base 2, what is 11011011 - 100001111000?
-11110011101
In base 2, what is 1001010110001001000000001 - -11?
1001010110001001000000100
In base 4, what is -2223200220 + 120?
-2223200100
In base 10, what is 29 + 2761379?
2761408
In base 8, what is -1456 + -1132?
-2610
In base 14, what is -4 + 36487b?
364877
In base 4, what is -1131 + -202021111?
-202022302
In base 14, what is -2a9 - 138?
-403
In base 8, what is 1423 + 365241?
366664
In base 2, what is -100010000 + 10011001101110000?
10011001001100000
In base 15, what is -3d7a66 + 5?
-3d7a61
In base 10, what is 3690541 - 4?
3690537
In base 13, what is -525a2 - -164?
-5243b
In base 7, what is -2345 + 163336?
160661
In base 8, what is -44474344 - -5?
-44474337
In base 2, what is 1010000011011 + -1011111011011?
-1111000000
In base 6, what is -144 - 10204554?
-10205142
In base 12, what is -3 + 1438051?
143804a
In base 14, what is abba2 - 19?
abb87
In base 9, what is -4472016 - -2?
-4472014
In base 7, what is -4520 + -352232?
-360052
In base 3, what is 0 + -100112022111122?
-100112022111122
In base 14, what is 4 - 8cca13?
-8cca0d
In base 11, what is -59717 + -256?
-59972
In base 7, what is -10 - 16461435?
-16461445
In base 6, what is -152004 - -5041?
-142523
In base 3, what is -211102222 - -1112?
-211101110
In base 12, what is 10727aaa - 5?
10727aa5
In base 2, what is -1000011000001 + -1110111110?
-1010001111111
In base 16, what is 470 - -a42d?
a89d
In base 7, what is 401555 + 30521?
432406
In base 16, what is b59f7e + 7?
b59f85
In base 12, what is 35a3627 - 1?
35a3626
In base 8, what is 76426501 - -70?
76426571
In base 7, what is -11 + 100610135?
100610124
In base 5, what is 0 + -11420210400?
-11420210400
In base 14, what is 1c + 194290?
1942ac
In base 13, what is -3 + 37852?
3784c
In base 6, what is 1442 - 1404004?
-1402122
In base 12, what is -2701 - 30484?
-32b85
In base 4, what is 11221303 - -13330?
11301233
In base 12, what is -40 + 9295355?
9295315
In base 8, what is -21070056 + -4?
-21070062
In base 8, what is -1 - -1250467505?
1250467504
In base 7, what is 1023231 + 10?
1023241
In base 13, what is -550b - 933?
-6141
In base 16, what is -4f0364b + 5?
-4f03646
In base 9, what is -5 - -2281404?
2281388
In base 12, what is -b400546 - 3?
-b400549
In base 3, what is -12021122011 - 1122?
-12021200210
In base 14, what is -14a31 + -46?
-14a77
In base 2, what is 10000100000 + -101011010010110111?
-101011000010010111
In base 12, what is 19b29a1 - -1?
19b29a2
In base 5, what is 3214 - 1112400?
-1104131
In base 8, what is 1056300511 + 3?
1056300514
In base 8, what is 147217737 + 0?
147217737
In base 4, what is -2 + -1032231212100?
-1032231212102
In base 11, what is 220919a79 + -1?
220919a78
In base 10, what is -432898785 - 2?
-432898787
In base 9, what is 14647217 - 12?
14647205
In base 2, what is 1110110110111001001 - -100110?
1110110110111101111
In base 16, what is -ad + -9f84f?
-9f8fc
In base 7, what is -333240 + 255?
-332652
In base 11, what is -4 - 1049870?
-1049874
In base 14, what is 0 + 12b0ad1?
12b0ad1
In bas